- -10) + 52 + (-11 - -8 - -9) + -9?
48
What is the value of 6 + 17 - (-254 - -209)?
68
What is the value of 77 - (38 + -61 - -83)?
17
What is the value of 72 + (117 - 180) + 6?
15
What is 118 - ((123 - 150) + 263)?
-118
Evaluate (-17 + 0 - (3 + 17 + -41)) + 1 + 71.
76
What is the value of 104 + -68 + -7 + 0 + -12?
17
What is (12 - -7 - 59) + -23?
-63
Evaluate -217 - (-471 + 238) - (2 - -1 - -61).
-48
What is 46 - (-17 + (2 - -67)) - (0 + 33 + 1)?
-40
What is the value of 0 - 24 - (-228 + 277)?
-73
Calculate 44 + (2 - 25) + 0 - 40 - -43.
24
What is the value of 324 - 219 - 91 - (0 - (-118 - (1 + -3)))?
-102
What is 24 + -49 + 8 + (-21 - -9)?
-29
Evaluate (-50 + 26 - -23 - -42) + -9.
32
What is 105 - (17 - -9 - -59)?
20
What is ((-3 - -5) + (14 + -20 - -27) - 1) + 11?
33
Calculate 22 - 0 - 88 - (-5 - 11).
-50
Calculate 53 + 3 + -515 + 450.
-9
-37 - (-78 + 140 + 2)
-101
What is the value of 372 + -379 - (4 - (16 - -3)) - 52?
-44
Evaluate (102 - 81) + -15 + 0 - 9.
-3
0 - (-13 - (-35 - (-53 + 27) - (0 + 1)))
3
What is the value of -30 - (-54 - (12 - (3 - -36))) - (1 + -53)?
49
Calculate 66 - (107 + -4) - (3 - 46).
6
What is -35 - -105 - 64 - (0 + 12)?
-6
Evaluate -13 + (16 + -61 - -21).
-37
Calculate 91 + (20 - -7 - 30) - 17.
71
Calculate -7 + (-22 - (-29 + 2)) + 7 + 8.
13
Calculate 40 + 40 + (6 - (-6 + 35 - 3)).
60
What is 23 + -45 - (-102 + 20)?
60
Calculate -32 + 21 - (-250 + 179).
60
Calculate -15 + 0 + 50 + 17 + -1 + (-1 - -2).
52
What is the value of 35 - (3 - -11) - -30?
51
What is (-24 - -22) + -16 - ((13 - 2) + -2 - 6)?
-21
Calculate -11 - ((-60 + -25 - (0 - 14)) + 15).
45
Calculate (-8 - 0) + 0 + 0 - (-49 + 3 - -48).
-10
Evaluate (-1634 - -1672) + 1 + 8.
47
What is -9 + (28 + -37 - (1 - 9)) + 17?
7
What is the value of -8 - (-6 + 0) - (-1 + (-5 - -6))?
-2
What is 107 - (2 - 1) - ((-75 - -35) + 21 + 19)?
106
Calculate 54 - (15 - 1 - ((-16 - -37) + -41 + 32)).
52
Evaluate 0 - -2 - 0 - (1718 + -1776).
60
What is the value of 9 + (0 - 33 - (124 + -115))?
-33
Evaluate (1 - 1) + (36 - (42 + -29)) + -3.
20
(17 - -30) + (-6 - 5)
36
What is 81 - 51 - (71 + 1)?
-42
Calculate 25 - (67 + -13) - 25.
-54
Calculate -24 - (-65 - -2 - (-209 + 175)).
5
Evaluate -60 + 41 - (-22 - -1) - 21.
-19
What is -82 + 19 + (-2 - -29)?
-36
Evaluate 85 - (-12 - -32 - 43 - -3).
105
Evaluate -27 + 26 + -8 + 46 + -58.
-21
-14 + (-10 - ((-55 - -2) + 20))
9
Evaluate 2739 + -2734 - (-76 - 1).
82
Evaluate -5 + (-5 + 13 - -8 - 7) + 6 + 1.
11
57 + -448 + 343 - (1 + -22)
-27
Evaluate (-34 - -4) + (-4 - (-3 + (-10 - -16)) - -8).
-29
Calculate (8 - 33) + (4 - -2) + (117 - 130).
-32
-11 - -31 - (-7 - 1 - -4)
24
1 + -3 - 20 - (-2027 + 2018) - -84
71
Evaluate 1 + 4 + -175 + -30 + 147.
-53
Evaluate 278 + -359 + (35 - 2).
-48
Calculate -319 + 332 + 17 + 5.
35
Evaluate 46 + -126 + 42 + 10.
-28
What is -99 + 75 + -26 + -29?
-79
Calculate 0 + 48 + (-29 - -4 - -5 - -33).
61
3074 + -3140 + -2 + (-13 - 2)
-83
What is (-11 - 5 - -14) + 4 - (12 + 2)?
-12
What is the value of (-21 - -7 - -121) + (32 - (-18 - -25))?
132
What is 68 + (-165 - -68 - -41)?
12
What is the value of -75 + 4 + 2 + (9 - 2 - 26)?
-88
What is the value of 450 - 464 - (2 - 3 - -2)?
-15
Evaluate (3 - 10) + 1 + (-8 - 62 - -14 - 3).
-65
Evaluate -10 + (27 - 23 - (0 - 0)) - -16 - -22.
32
What is the value of (-7 - -3) + (4 - 21) + 22 + -17 + -12?
-28
What is (24 - (-31 - -34)) + -30 + (-4 - -2) + -64?
-75
What is (4 - (16 + -6)) + (10 - 8)?
-4
Evaluate (-61 + 44 + 17 - (4 + 1 + -2)) + -18.
-21
What is -10 - (-52 - (91 - 147) - ((1 - 0) + -5))?
-18
Calculate 42 - -6 - (-4 + 32 + -14).
34
What is (-11 - 1) + 2300 + -2286 + -14 + (-2 - -2)?
-12
Evaluate -21 + 28 + 20 - (5 + 0 + -12).
34
Evaluate (26 - -17) + (13 + -10 - (1 - 9)) + -4.
50
Calculate -1 - -9 - ((-168 - -164) + -1 + 12).
1
Evaluate (-26 - 10) + 32 + 26.
22
What is -14 + 2 + (53 - 85)?
-44
-283 - (-114 - (78 - 53))
-144
Calculate 2 + -7 - -2 - (-49 + (-87 - -164)).
-31
-2 + (11 - 4) + 4 - (-78 + -6)
93
17 - (-30 - (-29 - 22)) - (28 + 0)
-32
What is the value of -2 - (6 - (5 + -32 + -12 + 4))?
-43
What is 1594 + -1433 + (-1 - 101)?
59
What is 166 + -191 + 25 + 0 + 0 + -68?
-68
Calculate 5 + (-12 - (13 + -14)) + -5 + 20 - 43.
-34
Evaluate -155 + -34 + 173 - 80.
-96
What is (3 - (-3 + 9)) + 85 + (-10 + 9 - 4)?
77
Calculate 53 + (-38 - -1) + 81.
97
What is the value of -1 - 10 - 1 - (-4694 - -4638)?
44
123 + -152 + 33 - (1 + -57)
60
Evaluate (-9 - -11) + 3 + 0 + (523 - 533) - 12.
-17
What is -39 + -11 + 22 + (-8 - -12) + -24?
-48
What is the value of (-58 - 74 - -35) + 138?
41
Calculate 7352 + -7316 + (21 - 1).
56
Calculate 827 + -884 + (-1 - -8 - 4) + 4.
-50
What is the value of -31 + (41 - 90 - -35)?
-45
What is the value of (-52 + 19 - 23) + 43?
-13
Calculate -61 - ((-84 - -35) + -39).
27
Calculate -7 - (-3 + -2 - (18 - (18 - 3))).
1
What is the value of -1197 + 1203 - ((2 - -2) + 31)?
-29
What is the value of -67 + (-64 + 30 - -51)?
-50
Calculate (-23 - (8 + -49)) + -10 - (1 + 6).
1
What is -1 - -16 - ((-45 - (-77 - -68)) + 183)?
-132
What is -9 - (-131 - (-37 + 28 - 2))?
111
What is the value of 2 - -19 - (-19 + 2 - (-294 - -313))?
57
What is (-26 - -1 - (24 + -50)) + -23 + (-2 - -3)?
-21
Calculate (-85 - -89) + (8 - (41 + 2 - 5)).
-26
What is the value of 3426 + -3241 + (-39 + -4 - 0)?
142
Evaluate -2 + -6 + 35 - (0 + 0 + -4 + 0).
31
Calculate (46 - -9) + -24 + -27 + 1 + (2 - -8).
15
Calculate 75 + 47 + -125 - (-7 + -2 + 2).
4
-4 + (3 - (-12 + (3 - -11)) - 10) + -19
-32
What is 9 + -3 + 5 + -11 + -9 + 4 + 69?
64
What is the value of (126 - 48) + -82 + -52?
-56
Calculate -3 - (2 - -1 - 8 - -9) - (87 - 81).
-13
-5 + 0 + -9 + (-19 + -3 - -22)
-14
Calculate 76 + 59 + (-51 - 93).
-9
Calculate 16 + 6 + (-34 - -18) - 21.
-15
Calculate 60 - (-3 + (4 - 6) + 6 + (6 - 12)).
65
What is -135 - (7 - -31 - 97)?
-76
What is the value of -27 + 35 + -61 + 65?
12
What is 23 + (-25 - 8) + -12 + -17?
-39
64 - (-1 - (10 + -7)) - 14
54
Calculate 71 + -37 + (-23 - (80 + 8)).
-77
Evaluate (23 - -3) + (-128 - -110).
8
Calculate (1 - -3 - -5) + (-158 - -147) - 30.
-32
48 - (-30 - -90 - 47)
35
Evaluate -2 - 1 - -76 - (1234 - 1213).
52
Calculate 70 + (-82 - (-34 - 2)).
24
What is -18 - (-34 - -3) - (-32 + 0)?
45
Evaluate 8 + (-7 - -22) - 4 - (-44 - -20).
43
Evaluate (28 + 5 - 18) + -6 + 70.
79
-4 + (-114 - -149 - (22 + 1))
8
What is the value of 80 + -75 + -28 - -28?
5
Evaluate (15 - (-3 + (-14 - -15))) + (-9 - 1).
7
What is (-8 + 3 - -4 - 82) + (-48 - (16 + -73))?
-74
-25 - (-14 - (61 + -18)) - (13 - 2)
21
What is -2 - (-6 + 0 + 4 + 4 + -3 + -3)?
2
Evaluate -960 + 953 - (2 + -2 - -18).
-25
What is 86 + -85 + -84 + 81?
-2
Calculate 29 + (-26 + 1 + 9 + 33 - 14).
32
(-68 - -10) + 11 + 102
55
Evaluate 52 + (6 - (11 + -5 + 14 - 17)).
55
Evaluate -1 + (-15 - -3) + 50 + -23 + 3 + 13.
30
Evaluate (-11 - 49) + (-9 - -74).
5
2 - ((-4 - -20) + -3) - (-109 + 29)
69
What is 393 - 355 - (-12 + 20 + -7)?
37
-2 - ((-9 - 23 - 13) + -7)
50
Evaluate -7 + (13 - 14) - (-12 - (0 + -15 + -98)).
-109
Calculate 54 - (21 + (-34 - -19)).
48
Calculate (3 - (22 - (31 - -1))) + (53 - 0) - 6.
60
Calculate -101 - (69 - (134 - 47)).
-83
142 - 181 - ((-2 - (-4 + -1 + 4)) + -7)
-31
What is (-5 - (1 + -7)) + 1 + 0 - (10 + 31)?
-39
What is the value of (0 - 1) + -33 + (16 - 41) + 25?
-34
What is 60 - (21 - (74 - 100))?
13
What is the value of (-2 - -5) + -6 + (13 + -76 - -73) - -7?
14
Evaluate -1127 + 1076 - (-38 + 2).
-15
Evaluate 17 + -14 + -7 + 22 + 73 + 9.
100
What is 18 - -3 - (-61 + 78) - -23?
27
-23 - (36 + -100 + (28 - 26))
39
Calculate 67 - 1 - (-1656 - -1683) - -13.
52
What is the value of 73 + 2 + (1423 - 1452)?
46
What is 81 + (-3 - -3) + (3 + (-1 - -9) - 13)?
79
Evaluate (-11 - (-4 - (0 - 0))) + (-41 - -65).
17
(63 - 18 - 17) + 17 - (-2 - -5)
42
Calculate 51 + (40 - 19) + -24.
48
Calculate 33 + -4 + (77 - (79 - -95)).
-68
-46 + -4 + (-1 - -3 - (13 + -19))
-42
Calculate -22 + (-4 - (-4 + -15 + -46)).
39
What is the value of (-12 - ((1 - 4) + -4)) + 28?
23
Evaluate (-469 - -231) + 232 - (17 - 0).
-23
Calculate -6 + 7 - 5 - -1 - (-3 + 23 - 26).
3
41 + -48 + -21 + (-11 - 0)
-39
Evaluate 10 + -6 + (-8 - -14) - (-19 - 2).
31
Evaluate 18 + 5 + -24 + 102 + -4.
97
What is the value of 7 - 26 - 9 - (5 - (7 - (-11 - -8)))?
-